f y.
2, 5
Suppose 51*w = 50*w - 3. Let v = w - 13. Let j(u) = 3*u**2 + 38*u - 19. List the prime factors of j(v).
3, 47
Let y(p) = -p**3 + 12*p**2 - 4*p - 24. Let c(w) = w**3 - 20*w**2 + w - 22. Let t be c(20). Let i = t - -12. List the prime factors of y(i).
2, 17
Suppose -8*u + 7*u + 41 = 0. Suppose u*b - 1150 = 36*b. What are the prime factors of b?
2, 5, 23
Let r(k) = -3*k**3 - 42*k - 1097. Let i(l) = -l**3 - 14*l - 365. Let t(c) = 11*i(c) - 4*r(c). List the prime factors of t(0).
373
Let c(a) = 9*a**3 - 3*a**2 - 3*a - 1. Let p be c(-2). Let z = p - -81. Suppose z*f - 154 = -9*f. What are the prime factors of f?
2, 7
Let q = -192 + 75. Let s = q - -131. What are the prime factors of s?
2, 7
Let a(z) = 7*z**2 - 25*z - 2. Let p be a(4). List the prime factors of (-4)/p + (-18560)/(-25).
2, 7, 53
Let l be (-5)/((-3)/(-216)*-1). What are the prime factors of l + (1/(-4) - 7/(-28))?
2, 3, 5
Suppose 15*s - 1211 = -5456. Let b = s + 1934. What are the prime factors of b?
13, 127
Suppose 7 = 6*j + 7. Suppose 42*v - 44*v + 42 = j. Suppose -v*n = -15*n - 558. List the prime factors of n.
3, 31
Let a = 28611 - 9541. List the prime factors of a.
2, 5, 1907
Suppose -2*b + 2*h + 224 = 2*b, 2*h = 5*b - 280. Let t = -69 + b. Let y = t - -25. List the prime factors of y.
2, 3
Suppose 2*a = -y - 13, 5*a - 2 = -3*y - 32. Let o be (2 - 8/2) + (-6 - a). Suppose -o = 4*x - 101. What are the prime factors of x?
5
Let r = -14 + 16. Suppose -r*y - 292 = 4*o + 2*y, -4*o - 288 = 3*y. Let g = o - -153. What are the prime factors of g?
2, 3, 7
List the prime factors of (-3 - (-1165745)/49) + 30/105.
2, 19, 313
Suppose 24*y + 4*i + 21077 = 27*y, 0 = -3*y - 3*i + 21063. List the prime factors of y.
3, 2341
Suppose -640 = -4*l + 2124. Suppose 3*r - l - 410 = -3*s, 0 = -r - 4*s + 379. Suppose -4*y - f = -r, 2*y + 0*f - 5*f - 165 = 0. List the prime factors of y.
2, 3, 5
Let m be 4/(-6) - (-3 - (-329)/(-21)). Let q(y) = -y**3 + 18*y**2 + 6*y - 15. What are the prime factors of q(m)?
3, 31
List the prime factors of (-1)/(-7) + 78744*(-56)/(-294).
53, 283
Let w = -35228 - -50350. What are the prime factors of w?
2, 7561
Let y = 30 + -30. Let g be (y - -2)*4*(-18)/(-16). Suppose -7*h - 142 = -g*h. List the prime factors of h.
71
Suppose 36*y - 57*y = 54*y - 1738950. What are the prime factors of y?
2, 11593
Let s be ((-2405)/(-10))/((-3)/6). Let b = -154 - s. What are the prime factors of b?
3, 109
Suppose -491 = -s + o, 5*s + o - 3574 = -1107. What are the prime factors of s?
17, 29
Let v = 13 - -41. Suppose 0 = 2*q + 2*o - 78, 0 = q + 4*o + 18 - v. List the prime factors of q.
2, 5
Suppose 0 = -5*v - 3*o + 6 - 0, v = o + 6. Suppose -31*g + q = -36*g + 5020, v*g = 3*q + 2994. List the prime factors of g.
17, 59
List the prime factors of 27110 + ((-8)/(-28))/((-2)/(-28)).
2, 3, 4519
Let f = 59 + -57. Let x(j) = -3*j + 2*j + 3*j**f - 5*j - j + 4. List the prime factors of x(4).
2, 3
Let a(x) = 2*x**3 - 2*x**2 + 8*x + 14. Let j be a(9). Let n = j + -795. What are the prime factors of n?
587
Suppose 4*m - 4*d + 12 = 0, -99*m + d = -94*m - 1. Let n(g) = 595*g**3 - g**2 + g. List the prime factors of n(m).
5, 7, 17
Let p = -316 + 570. Let w = 62 + p. What are the prime factors of w?
2, 79
Let y = -64 - -129. Let o = y - 60. Suppose -a = -4*d + 3*a + 124, -31 = -d + o*a. List the prime factors of d.
31
Suppose 0 = 4*q - 8, 2*f - 6*f = -q - 10. Suppose -f*n = -2*v - 2105, 9*n + 3*v = 4*n + 3502. List the prime factors of n.
701
What are the prime factors of (7652/(-7) + ((-285)/(-105))/19)*-10?
2, 5, 1093
Suppose -5*a = 2*y - 30, -3*a + 10 = 2*y - 12. Suppose -30 = -0*p - p - x, -x - 70 = -3*p. Suppose 25 = y*h - p. List the prime factors of h.
2, 5
Suppose 0 = 4*a + 2*t - 158, 2*a - t + 5*t - 64 = 0. Suppose a = 7*i + 14. Suppose -3*y = i*y - 413. List the prime factors of y.
59
Let w = -155 - -161. Suppose w*z - 3*a = 2*z + 903, -z - 3*a = -207. What are the prime factors of z?
2, 3, 37
Suppose -92 = -2*r - 2*r. Let s = 12 - r. Let n(p) = -2*p + 28. List the prime factors of n(s).
2, 5
Suppose 0 = -2*g + 5*y + 1112, 0 = 2*g - 7*g - y + 2807. Let a = g - 209. What are the prime factors of a?
2, 11
Suppose -205 = 4*k - 197. Let i(c) = -162*c - 9. List the prime factors of i(k).
3, 5, 7
Let y(d) = -1417*d**3 - 2*d - 2. Let i be y(-1). Suppose -1393 = -t - 5*j, 12*j + i = t + 9*j. List the prime factors of t.
2, 11
Let r be (-12)/(-9)*3/2. Let d be (-2)/(((3 + -1)/r)/(-14)). List the prime factors of (-1)/(-7) - (-4560)/d.
163
Suppose 232 = 18*m - 2072. Suppose -m = -21*p - 23. List the prime factors of p.
5
What are the prime factors of 47787 + ((-5)/(-4))/(((-27)/(-3))/(-36))?
2, 7, 3413
Let k = -32 + 71. Suppose -35*d + k*d + 160 = 0. Let f = -21 - d. List the prime factors of f.
19
Let m(w) = -99*w + 11. Let v be m(1). Let j = v + 363. What are the prime factors of j?
5, 11
Let o = 2759 + -486. Suppose -o = -4*m + 1183. List the prime factors of m.
2, 3
Let i(a) = 7557*a + 154. What are the prime factors of i(1)?
11, 701
Suppose -13*z = -11*z + 30. Let o = -68 - z. Let w = o - -148. List the prime factors of w.
5, 19
Let k = 945 + -950. Suppose 3*t + n + 2 = -14, 36 = -3*t + 3*n. List the prime factors of t*(0 - k - 10).
5, 7
Suppose 932 = -2*n + n. Let a = -208 - n. Suppose -5*v + 4*h + a = 0, h + 4 = 2*v - 285. What are the prime factors of v?
2, 3
Suppose -5*p - s = 0, -4*s + 3*s - 2 = 3*p. Let l be p + -40 + 14/7. Let i = -24 - l. List the prime factors of i.
13
Suppose -5*r + 2*c = -39, 4*c = -6*r + 2*r + 20. Suppose w = -r*w. Suppose 2*x = -w*x + 42. What are the prime factors of x?
3, 7
Let w(y) = y**3 - 47*y**2 - 70*y - 1613. What are the prime factors of w(54)?
23, 653
Let q(g) = -2*g**3 + 28*g**2 - 18*g + 1. Let t(w) = 15*w**3 - w**2 - 2*w + 1. Let f be t(1). List the prime factors of q(f).
3, 5, 7
Suppose 18*b - 93 = 51. List the prime factors of 6284/24 + 0 - b/(-48).
2, 131
Suppose -314343 = 141*b - 194*b. List the prime factors of b.
3, 659
Suppose 5*u + 4*s = 2*u + 2449, -5*u - 3*s = -4089. Let d = 1197 - u. List the prime factors of d.
2, 3, 7
Suppose 267 = 5*w - p - 367, -12 = -2*p. What are the prime factors of w?
2
What are the prime factors of (8 - (0 - (-18375)/7))/(-1)?
2617
Let p = 129 - 130. List the prime factors of (p + 3/2)/((-11)/(-2222)).
101
Suppose -129 - 58 = g. Let v = 336 + g. What are the prime factors of v?
149
Suppose 108 = a - 86. Let v = a + 36. What are the prime factors of v?
2, 5, 23
Let m(v) = 2*v**2 - 21*v - 44. Let p be m(17). Suppose 0 = 5*w - 2*j - 2153, -4*w + 1548 = j - p. What are the prime factors of w?
431
Suppose 7*u + 2*q - 3*q - 11657 = 0, 0 = 2*u - 4*q - 3338. List the prime factors of u.
3, 5, 37
Let g(k) = 3884*k**2 + 40*k + 69. What are the prime factors of g(-2)?
3, 5, 23
Let g be 12 - (2 + -4 + 6). What are the prime factors of (-300)/(g + (-280)/32)?
2, 5
Let n(v) = -50*v**3 + v**2. Let b be (3/9)/(4/(-84)). Let i be b/8 - (-8)/(-64). What are the prime factors of n(i)?
3, 17
Let f = -33 - -48. Suppose -f*g = -14431 - 4604. Suppose 5*k = g - 99. List the prime factors of k.
2, 3, 13
Let j(z) = 30*z + 69. Let t be (-33)/(-24)*11 - 6/48. What are the prime factors of j(t)?
3, 173
Suppose -u = -2*h - 12, 0 - 6 = -2*u - 2*h. Suppose 256 = d + 14*r - 9*r, -2*r = -u. List the prime factors of d.
241
Let l(r) = 5836*r**2 + 32*r - 27. What are the prime factors of l(1)?
3, 11, 59
Let o(k) = 39*k**2 + 121*k - 137. What are the prime factors of o(22)?
21401
Suppose 5*l + 5 = -3*d + 79, 2*d + 2*l - 48 = 0. Suppose -8 = 3*x - d. Suppose 0 = 5*w + x*k - 1130, 5*w + k = 3*k + 1137. What are the prime factors of w?
227
Let n(p) = -p**3 - 11*p**2 - 2*p - 22. Let q be n(-11). Suppose 4*b + 0 - 20 = q. List the prime factors of ((-1)/b*-2)/(24/960).
2
Let h(n) = 2*n**2 + 3*n + 3. Let q be h(-1). Let d be (75 + 3 + -3)*(8 - q). Let j = d - 263. List the prime factors of j.
11, 17
Let v(q) = -q**3 + 21*q**2 - 14*q - 87. Suppose 3*m - 23 = -4*k + 31, -m + 4*k + 18 = 0. List the prime factors of v(m).
3, 211
Let a = 1524 + -921. Suppose 0*w = -3*w + a. What are the prime factors of w?
3, 67
Suppose -i - r - 3 = 0, -2*i + 14*r - 19*r - 21 = 0. Suppose -5*l + x = -560, i*l + 3*x - 2 - 222 = 0. What are the prime factors of l?
2, 7
What ar